 the prime factors of v(-3).
2
Let k be (-6)/27 - 43/9. Let m be 1/k - (-16)/5. Suppose -x + 2*l = l - 14, 2*l + 40 = m*x. List the prime factors of x.
2, 3
Suppose 3 = o - 3. Let p(z) = z**3 + z**2 + 3*z + 2. Let h be p(0). List the prime factors of 13 + (h - o) + 1.
2, 5
Suppose 3*x = -57 + 156. What are the prime factors of x?
3, 11
Suppose 5*s + 2 = d + 2*d, d = -4*s + 12. Suppose 6*w - 132 = s*w. What are the prime factors of w?
3, 11
Suppose 2*d + 8 = 6*d. Suppose d*i - 90 = 4*i. Let o = -31 - i. List the prime factors of o.
2, 7
Let z(l) = 16*l - 2. Let a(n) = 24*n - 3. Let j(b) = 5*a(b) - 7*z(b). List the prime factors of j(1).
7
Let h be (-4)/(-6) + 28/(-6). Let p = 4 - h. List the prime factors of p.
2
Let k(v) = -43*v + 1. List the prime factors of k(-1).
2, 11
Let v(c) = 7*c**2 - 4*c - 1. Let d be (-4*3/3)/(-2). List the prime factors of v(d).
19
Suppose 0 = 3*y - y. Suppose y = -2*o + 7 + 21. What are the prime factors of o?
2, 7
Suppose -5*l + 0 + 15 = 0. Let a be 6 - (16/2 + -4). Suppose 5*p = -0*p - 5*c + 45, -l*p + 12 = -a*c. What are the prime factors of p?
2, 3
Suppose 3*n - 30 = 72. What are the prime factors of n?
2, 17
Let z be 1*(-3 + 1)*-1. Suppose -2*j = -j - g - 2, z*j - 5*g = 10. Let m = 6 + j. List the prime factors of m.
2, 3
Suppose 2*d - 7 = 1. Let z(k) = -k**2 + 6*k - 5. Let u be z(d). What are the prime factors of -33*(u/9)/(-1)?
11
Suppose -3*o = -o. Let w = 18 + o. List the prime factors of w.
2, 3
Let k(q) = 11*q - 4. Let y(s) = -s**3 + 13*s**2 + 13*s + 18. Let r be y(14). What are the prime factors of k(r)?
2, 5
Suppose -v + 5 = -0*v. Suppose 13 = -5*u + 3*x, 4*u + u + 9 = -x. Let c = v + u. List the prime factors of c.
3
Suppose -2*b + 176 = 32. What are the prime factors of b?
2, 3
Suppose r - 6*r = c - 534, -5*c + 338 = 3*r. What are the prime factors of r?
2, 53
Suppose -2*b + z = -267, 0 = -3*b + 6*b - 5*z - 383. What are the prime factors of b?
2, 17
Suppose 2*t - 122 = -4*o, -2*o + 0*t + 4*t = -66. List the prime factors of o.
31
Suppose 0 = -2*m + 7 - 5. Let i = m + -9. Let n = 13 + i. List the prime factors of n.
5
Let u be 6/2 + -47 + -1. Let b = 101 + u. What are the prime factors of b?
2, 7
List the prime factors of 364/18 + (-6)/27.
2, 5
Let r = 3 + -7. List the prime factors of 42/r*(-3 + 1).
3, 7
Suppose 2*r + 24 = -r. Let d(x) = -x**2 - 11*x - 11. List the prime factors of d(r).
13
Let c be ((-1)/2)/(2/4). List the prime factors of 10*(0 - c) + 3.
13
Let y(c) = c**3 + 7*c**2 + 7*c + 6. Let f be y(-6). Suppose 3*r - r - 4 = f. Let u = 11 - r. List the prime factors of u.
3
Let b(o) = o**3 + 10*o**2 - 2*o. What are the prime factors of b(-8)?
2, 3
Let o(g) = -6*g. Let q be o(-1). List the prime factors of (-75)/(-6) - (-3)/q.
13
Let g = 22 - 3. Suppose -5*z = -2*m - 52, -5*z + 91 - g = 3*m. List the prime factors of z.
2, 3
Suppose w + 3*w = 108. Let n(l) = l**2 + 22*l - 22. Let t be n(-23). Suppose -2*o = 5*x + t, -3*o + 2*x + w = -0*o. What are the prime factors of o?
7
Let r be ((-2)/2 + 0)*4. List the prime factors of 2/r*(-66)/3.
11
Let a = 137 + -93. What are the prime factors of a?
2, 11
Let m(v) = 13*v. Let n = 4 - 2. Let b be m(n). Let r = b + -18. What are the prime factors of r?
2
Let t(m) = -4*m**2 - 20*m + 36. Let r be 5*1*4/(-10). Let f(u) = u**2 + 7*u - 12. Let j(n) = r*t(n) - 7*f(n). List the prime factors of j(8).
2
Let s = -7 + 11. Suppose 4*p - 2*p - 50 = -s*r, 4*p - 116 = -4*r. List the prime factors of p.
3, 11
Suppose 5*h - h = 5*b - 116, 5*b = -3*h + 123. What are the prime factors of b?
2, 3
Suppose 0 = -2*d + 297 + 301. List the prime factors of d.
13, 23
Let r = 7 + -7. Suppose r = -2*u - 7 - 9. List the prime factors of 8/3*(-30)/u.
2, 5
Suppose -3 = 4*f + 5, -5*t - 2*f + 16 = 0. Suppose 0 + t = 2*p. What are the prime factors of p?
2
Suppose -4*j + 41 = -27. What are the prime factors of j?
17
Let x be ((-16)/(-10))/(2/5). What are the prime factors of (-70)/(-6) + x/(-6)?
11
Suppose 64 = -w + 209. List the prime factors of w.
5, 29
Let i = 4 - 7. Let b(g) be the second derivative of g**5/20 + g**4/4 - g**3/2 + g**2/2 + 4*g. List the prime factors of b(i).
2, 5
Let f(s) = -s - 4. Let t be f(-7). Let y = t - -13. Suppose -o = -4*r - y + 1, r = 2*o - 9. List the prime factors of o.
3
Let t be (6 + 4)*(-4)/(-10). Let q(g) = -g**2 - 7*g - 4. Let j be q(-6). Suppose 0 = j*s - t - 12. What are the prime factors of s?
2
Let f(y) = -y**2 + 9*y - 10. Let i be f(7). Suppose -10 = -m - 4*r, -m + 4 = i*r - 3*r. What are the prime factors of m?
2
Let m be 1 + 1 + 0 + 46. Suppose 3*z - m = -z - 3*o, z - 12 = 5*o. List the prime factors of z.
2, 3
Suppose -p - 5*u = -42, 5*p = -0*p + 4*u + 210. Let g = p + -26. List the prime factors of g.
2
List the prime factors of (-862)/(-5) - ((-126)/(-35))/(-6).
173
Suppose 0 = 10*k - 2016 + 796. What are the prime factors of k?
2, 61
Let u(p) = 6*p**2 - p**2 + p**2. Let r be u(1). Let h = -2 + r. What are the prime factors of h?
2
Let f(r) = -r + 9. Let h be ((-6)/4)/(2/(-8)). Let o be f(h). Suppose 20 = 2*m + o*m. List the prime factors of m.
2
Suppose 3*r + 26 = 5*y, r - 3*r = 3*y - 27. What are the prime factors of y?
7
Let d(b) = 11*b**2 + 8*b + 30. List the prime factors of d(-3).
3, 5, 7
Suppose b + 4*t - 12 = 0, -3*b - 2*t = -2*b - 6. Let u(z) = -z + 192. Let l be u(b). List the prime factors of l/18 - 4/6.
2, 5
Let v = -39 - -151. Suppose -32 + v = 5*i. Suppose 2*r = 2*w + i, -24 = -3*r - r + 2*w. What are the prime factors of r?
2
Suppose 64 - 4 = 3*g. What are the prime factors of g?
2, 5
Let s be (25*(0 - -1))/1. Let g = s + -14. List the prime factors of g.
11
Suppose 4*f + 5*p - 2 = 0, 4*f = -3*p + 3 + 3. Let k(y) = 0*y - 5*y + 3*y - 4 + y + y**f + 5*y**2. What are the prime factors of k(-4)?
2
Let d = 303 + -60. What are the prime factors of d?
3
Suppose 7*a - 4*a - 12 = 0. Suppose q = -a*q + 40. Let y(v) = 2*v - 7. List the prime factors of y(q).
3
Let z(x) = -x**2 + 5*x + 5. Let o be z(5). Suppose 6 = o*c - 3*c. List the prime factors of (-2)/(-4) + c/2.
2
Let q(l) = 14*l + 8. Let c(n) = -5*n - 3. Let f(p) = 17*c(p) + 6*q(p). What are the prime factors of f(-9)?
2, 3
Let n = 0 - 4. Let d be (-1)/((n/3)/4). Suppose -d*p + 28 = p. What are the prime factors of p?
7
Let u(y) be the first derivative of y**3 + 5*y**2/2 + 3*y + 3. What are the prime factors of u(-3)?
3, 5
Let f = 2 - 1. Let h = -3 + 4. Let b = h + f. What are the prime factors of b?
2
Let i(f) = 3*f - 2. Let s be i(2). Suppose 4*t - l - 72 = 0, 0*t + s*l = -t + 18. What are the prime factors of t?
2, 3
Let r be 4/(-18) + (-100)/36. Let o be (-10)/4*(r + -3). What are the prime factors of -1*(-1)/(1/o)?
3, 5
Suppose -d + 2 + 1 = 0. Suppose -d*g + 0*g = -105. Suppose -2*f + 19 = u, 4 = -3*f - u + g. What are the prime factors of f?
2, 3
Let n(a) = -a**3 - 6*a**2 + 4*a + 9. What are the prime factors of n(-7)?
2, 3, 5
Let c = 61 + -26. List the prime factors of c.
5, 7
Suppose -38 + 2 = 3*y. Let l = -19 - -13. What are the prime factors of (l/4)/(9/y)?
2
Suppose -30 = -5*t + 2*t. Suppose -5*c + 50 - t = 0. What are the prime factors of c?
2
Suppose -a - 217 = -5*f + 2*a, -4*a = -2*f + 84. Suppose -8*s + 3*s = q - 53, -2*q - f = -5*s. List the prime factors of s.
2, 5
Suppose l = 5 - 8, -2*l = 4*q - 54. Suppose 5*y = 60 - q. List the prime factors of y.
3
Let l = 12 + -17. Let v be 2 - (l + (1 - 2)). Let j(x) = -x**3 + 9*x**2 - 7*x - 4. What are the prime factors of j(v)?
2
Let w = 1 + 17. List the prime factors of w.
2, 3
Suppose 5*h - 8 = -4*y, 4*y = 4*h + 11 - 3. List the prime factors of (-1)/(h + -1)*23.
23
Suppose 87 = 5*r - 18. What are the prime factors of r?
3, 7
Let r = 6 + -3. Suppose -28 = -3*f - r*u - 2*u, -2*f + 3*u = -25. List the prime factors of f.
11
Suppose -3*r = -2*z + 4*z - 15, 4*r = -z + 10. Suppose -p + 3 = -z. List the prime factors of p.
3
Let r = 7 - 3. Suppose -2*c + r*c = 52. What are the prime factors of c?
2, 13
Let a = 88 - 39. What are the prime factors of a?
7
Let r = -1 - -3. Let k(n) = -3*n + 6. Let p(q) = -3*q + 7. Let w(i) = r*k(i) - 3*p(i). List the prime factors of w(6).
3
Let g be -32 - 0 - (1 + -1). Let x = -19 - g. What are the prime factors of x?
13
Let d(z) = -2*z - 6. Let r be d(-4). Let y = 31 + -29. Suppose 3*x = r*